{"id":22,"date":"2022-01-31T14:08:30","date_gmt":"2022-01-31T13:08:30","guid":{"rendered":"http:\/\/jeztalk.com\/?page_id=22"},"modified":"2022-02-19T16:38:30","modified_gmt":"2022-02-19T15:38:30","slug":"qui-sommes-nous","status":"publish","type":"page","link":"https:\/\/jeztalk.com\/index.php\/qui-sommes-nous\/","title":{"rendered":"Qui sommes-nous ?"},"content":{"rendered":"\n<h2 class=\"wp-block-heading\" id=\"notre-projet\">Notre projet<\/h2>\n\n\n\n<div class=\"wp-block-image\"><figure class=\"aligncenter size-thumbnail\"><img loading=\"lazy\" decoding=\"async\" width=\"150\" height=\"150\" src=\"https:\/\/i0.wp.com\/jeztalk.com\/wp-content\/uploads\/2022\/02\/Image.png?resize=150%2C150&#038;ssl=1\" alt=\"\" class=\"wp-image-104\" srcset=\"https:\/\/i0.wp.com\/jeztalk.com\/wp-content\/uploads\/2022\/02\/Image.png?resize=150%2C150&amp;ssl=1 150w, https:\/\/i0.wp.com\/jeztalk.com\/wp-content\/uploads\/2022\/02\/Image.png?resize=300%2C300&amp;ssl=1 300w, https:\/\/i0.wp.com\/jeztalk.com\/wp-content\/uploads\/2022\/02\/Image.png?w=314&amp;ssl=1 314w\" sizes=\"auto, (max-width: 150px) 100vw, 150px\" data-recalc-dims=\"1\" \/><\/figure><\/div>\n\n\n\n<p>Jez Talk est anim\u00e9 par des <a href=\"https:\/\/www.jesuites.com\/qui-sommes-nous\/jesuites\/\" data-type=\"URL\" data-id=\"https:\/\/www.jesuites.com\/qui-sommes-nous\/jesuites\/\">j\u00e9suites<\/a> en formation issus de la province d&rsquo;Europe Occidentale Francophone (EOF). Ce site se veut \u00eatre le lieu o\u00f9 nous partageons notre regard sur l&rsquo;actualit\u00e9. Pr\u00eatres ou non, plus ou moins jeunes, nous souhaitons transmettre cette esp\u00e9rance que notre foi en J\u00e9sus Christ alimente. A la suite d&rsquo;Ignace de Loyola, fondateur de la Compagnie de J\u00e9sus, nous nous effor\u00e7ons de trouver Dieu en toute chose, notamment dans notre monde. <\/p>\n\n\n\n<p>Nous \u00e9crivons sur des sujets aussi vari\u00e9s que l&rsquo;actualit\u00e9 en France, dans le monde comme dans l&rsquo;Eglise, avec un go\u00fbt pour la culture sous toute ses formes. Le site se veut \u00eatre aussi le t\u00e9moignage de ce qu&rsquo;est une vie j\u00e9suite \u00e0 travers nos missions.<\/p>\n\n\n\n<p><\/p>\n\n\n\n<h2 class=\"wp-block-heading\" id=\"l-equipe\">L&rsquo;\u00e9quipe<\/h2>\n\n\n\n<p>C\u00e9dric et Pierre Alexandre animent ce groupe de jeunes j\u00e9suites, avec le soutien de Gr\u00e9goire. Autour d&rsquo;eux, d&rsquo;autres compagnons aux centres d&rsquo;int\u00e9r\u00eat vari\u00e9s, \u00e0 l&rsquo;image de la diversit\u00e9 dans la Compagnie de J\u00e9sus.<\/p>\n","protected":false},"excerpt":{"rendered":"<p>Notre projet Jez Talk est anim\u00e9 par des j\u00e9suites en formation issus de la province d&rsquo;Europe Occidentale Francophone (EOF). Ce site se veut \u00eatre le lieu o\u00f9 nous partageons notre regard sur l&rsquo;actualit\u00e9. Pr\u00eatres ou non, plus ou moins jeunes, nous souhaitons transmettre cette esp\u00e9rance que notre foi en J\u00e9sus Christ alimente. A la suite [&hellip;]<\/p>\n","protected":false},"author":2,"featured_media":0,"parent":0,"menu_order":0,"comment_status":"closed","ping_status":"closed","template":"","meta":{"footnotes":""},"class_list":["post-22","page","type-page","status-publish","hentry"],"jetpack-related-posts":[],"jetpack_sharing_enabled":true,"_links":{"self":[{"href":"https:\/\/jeztalk.com\/index.php\/wp-json\/wp\/v2\/pages\/22","targetHints":{"allow":["GET"]}}],"collection":[{"href":"https:\/\/jeztalk.com\/index.php\/wp-json\/wp\/v2\/pages"}],"about":[{"href":"https:\/\/jeztalk.com\/index.php\/wp-json\/wp\/v2\/types\/page"}],"author":[{"embeddable":true,"href":"https:\/\/jeztalk.com\/index.php\/wp-json\/wp\/v2\/users\/2"}],"replies":[{"embeddable":true,"href":"https:\/\/jeztalk.com\/index.php\/wp-json\/wp\/v2\/comments?post=22"}],"version-history":[{"count":7,"href":"https:\/\/jeztalk.com\/index.php\/wp-json\/wp\/v2\/pages\/22\/revisions"}],"predecessor-version":[{"id":111,"href":"https:\/\/jeztalk.com\/index.php\/wp-json\/wp\/v2\/pages\/22\/revisions\/111"}],"wp:attachment":[{"href":"https:\/\/jeztalk.com\/index.php\/wp-json\/wp\/v2\/media?parent=22"}],"curies":[{"name":"wp","href":"https:\/\/api.w.org\/{rel}","templated":true}]}}